-4*s = -h - 2*s + 2031. What is the hundreds digit of h?
0
Let i(s) = 41*s**2 + 9*s - 3. What is the tens digit of i(-4)?
1
Let t be (-27)/(3 - 6) + -2. Suppose 9 = u - 0. Let k = u - t. What is the units digit of k?
2
Suppose 16*f - 54712 = -40*f. What is the tens digit of f?
7
Suppose -4*i = r + 8 - 26, i + 2 = 3*r. Suppose 2*d = r*x + 120, -4*x + 30 = 2*d - 60. What is the tens digit of d?
5
Suppose -14*c + 7806 - 414 = 0. What is the units digit of c?
8
Let v(g) = -5*g**3 + g**2 + g. Let b be v(-1). Suppose -2*q - 3*q + 10 = 0. Suppose 0 = -3*a + q*c + 63, -b*a + c + 26 = -86. What is the units digit of a?
3
Let h(m) = -2*m**2 + 2*m**2 + m**3 + m - 4*m**2 + 2 + 6*m**2. Let r be h(-2). Let l = r - -27. What is the tens digit of l?
2
Suppose 2*b - o = 338 + 11, 5*b - o = 874. Let k = 118 - b. Let d = k + 94. What is the units digit of d?
7
Let z(l) = 2*l**2 + 2*l - 1. Let q be z(-2). What is the units digit of (q + 0)*(-2 - 496/(-12))?
8
Let a(p) = -p**3 - p**2 + 2*p - 4. Let n be a(-3). Suppose 4*c + n + 4 = 0. Let j = c - -17. What is the units digit of j?
4
Let i(m) be the first derivative of 4*m**3/3 - 2*m + 9. What is the tens digit of i(-2)?
1
Let i(j) = -j**3 - 14*j**2 - 14*j - 9. Let f be i(-13). Suppose -95 = -a - f*a. What is the tens digit of a?
1
Suppose -4*q - 100 = -4*v, 59 = 2*v - 2*q + 3*q. Suppose -2*y = 2*y + v. Let a = y + 10. What is the units digit of a?
3
Suppose -14 = -5*v + 1. Let f(m) = 2*m**2 - 5*m + 2. Let r be f(v). Suppose -2*x + 7 = 5*b, -r*b = x - 7 + 16. What is the units digit of x?
6
Let x(v) = v**2 - 10*v - 2. What is the tens digit of x(-41)?
8
What is the tens digit of 3 + 0/(-9) - (-33)/3?
1
Let x be (1232/(-21))/(1/(-3)). Let u be ((-2)/4)/(1/x). Let v = u - -139. What is the tens digit of v?
5
Suppose k = -37*n + 34*n + 279, k + n = 281. What is the hundreds digit of k?
2
Let t(h) = h**3 + 15*h**2 + 5*h - 20. Let z be t(-15). Let u = 168 + z. Suppose 2*q = -3*x - x + 88, 3*x + 5*q = u. What is the tens digit of x?
2
What is the hundreds digit of (3/(36/16))/(2/5649)?
7
Suppose -10*o + 420 = -7*o. Suppose -109 = -n + o. What is the tens digit of n?
4
Let y(j) = j**3 - 4*j**2 + 1 - 3*j + 0 + 4. Let v(w) = w - 2. Let b be v(7). What is the units digit of y(b)?
5
Suppose -2*p + 6156 = 3*m, 4*p - 6176 = -3*m - 20. What is the units digit of m?
2
Suppose -3160*n + 3173*n = 46319. What is the units digit of n?
3
Let x(j) = -2*j - 4. Let z be x(-3). Let k be -18 + (4 - 8/z). Let n = -11 - k. What is the units digit of n?
7
Let b(f) = -3*f - 2. Let o be b(-2). Suppose 68 = 2*k + 7*y - 2*y, -2*y = 3*k - 91. Suppose -k = -n + u + u, o*n - 129 = -5*u. What is the units digit of n?
1
Let o(h) be the third derivative of 1/60*h**5 + 2*h**2 + 1/15*h**6 + 0*h**3 + 0 + 0*h**4 + 0*h. What is the units digit of o(1)?
9
Suppose -12*q + 5402 + 610 = 0. Suppose -28*m + q = -25*m. What is the units digit of m?
7
Let u be 2/(-4) + (-2)/(-4). Suppose u = -3*h + 6 + 9. Let r = h + 6. What is the units digit of r?
1
Suppose -4*b + 12 = m, -b + 5*m + 16 = -2*b. What is the units digit of (6/b)/((-13)/(-442))?
1
What is the hundreds digit of 1*(-8)/(8/(-409))?
4
What is the hundreds digit of 76/4*-14*(-15)/10?
3
Let g be (1/(-2))/((-3)/3450). Suppose 3*s + g = 5*l + 180, 5*s = -5*l + 355. Suppose -4*r + 44 = -l. What is the tens digit of r?
3
Let j be 570/(-20)*4/(-3). Let y = j + -23. What is the units digit of y?
5
Let q = -140 - -304. Let g = -14 + 30. Suppose 4*c - g = q. What is the tens digit of c?
4
Let t(m) be the first derivative of -m**2 - 11*m - 3. Let g be t(-8). Suppose -3*f - 3*o = 2*o - 60, -75 = -4*f - g*o. What is the units digit of f?
5
Let x = 63 + -61. Suppose -3*v = 3*l - 0*l - 441, 4*v + 282 = x*l. What is the hundreds digit of l?
1
Let q = 1346 + -768. What is the units digit of q?
8
Let v(w) = 0*w - 20 + 39 - 5*w - 22. What is the units digit of v(-3)?
2
Let q(o) = o**3 - 2*o**2 - 7*o + 2. Let j = 15 - 10. Let x be q(j). Suppose -9*r + x = -3*r. What is the units digit of r?
7
Let y(q) = -3*q**3 + 4*q + 7. Let i be y(-3). Suppose 4*l - 104 = i. What is the tens digit of l?
4
Suppose 5*a - 3*a - 810 = 0. Suppose 0 = -3*i - 3*o + a, -i - 401 = -4*i + o. What is the tens digit of i?
3
Let x(c) = 4 - 2 + 5*c + 2 - 6. Let i be x(4). Suppose -p = -2*y + y + 6, y - 4*p = i. What is the units digit of y?
2
Let u(s) be the first derivative of s**3/3 - 17*s**2 + 30. What is the hundreds digit of u(-4)?
1
Suppose -2*n = -5*n + 9. Let s be (-7)/n - 16/24. What is the tens digit of (-2)/(s + 172/60)?
1
Suppose 3*i = 5*d + 733, -6*i = -i + 3*d - 1233. Suppose 2*a - 5*a + i = 0. Suppose 5*z + c - a = 0, 3*z + 0*c - 40 = 4*c. What is the units digit of z?
6
What is the thousands digit of (-80)/(-6)*(4074/(-4))/(-7)?
1
Suppose -2580*o - 5109 = -2583*o. What is the units digit of o?
3
Suppose -4*t - t = -4*i + 222, i - 3*t - 59 = 0. Suppose j - 211 = -i. What is the units digit of j?
8
Let s(i) = -431*i + 482. What is the thousands digit of s(-4)?
2
Suppose 6*y - 4 = 20. Suppose 2*x - 12 = y*x. Let p(g) = -3*g + 8. What is the units digit of p(x)?
6
Let b(i) = i**2 - 5*i - 3. Let z be b(6). Let d be ((-105)/20)/(z/(-8)). Suppose -19*h = -d*h - 90. What is the tens digit of h?
1
Suppose 4*s = 3*s + 3. Let r be 6/9 + (-296)/(-6). Suppose s*m - 8*m = -r. What is the units digit of m?
0
Let w(y) = -y**2 + 5*y + 3. Let s be w(4). Let q(k) = k**2 + k - 4. What is the units digit of q(s)?
2
Let n be 3*5*(1 + -2). Let p be ((-12)/n)/((-6)/15). What is the tens digit of (136/p - 2)/(-2)?
3
Let d(u) = u**2 - 97*u + 14. What is the hundreds digit of d(-21)?
4
Let z = 13 + -13. Suppose 2*s - 3 - 7 = z. Suppose s*d - 163 = -4*j, -3*j + 6*d - d = -166. What is the units digit of j?
7
Suppose 132 + 48 = 5*d. Suppose -5*f = 2*p - 48, 2*p + f = 2*f + d. Let t = p + -9. What is the tens digit of t?
1
Let x(g) = g**3 + 13*g**2 + 13*g - 19. Let p(o) = 2*o**3 + 14*o**2 + 12*o - 19. Let a(f) = -2*p(f) + 3*x(f). What is the tens digit of a(9)?
7
Let u be (-654 + 2)*(3/6 + -2). Suppose -5*o + u = -2*x - 2*x, -786 = -4*o + 5*x. What is the tens digit of o?
9
Let m = -1264 + 3089. What is the tens digit of m?
2
Suppose 22 = n + 7. Let l = n + -13. Suppose -4*w - j = 4*j - 83, -j - 45 = -l*w. What is the tens digit of w?
2
Let g(t) = 0*t**3 + 2*t**3 - 2 - 4*t**2 + 2*t + 10*t**3 + t. What is the units digit of g(2)?
4
Suppose 3*n + 153 + 108 = 0. Let t = n + 153. What is the units digit of t?
6
Let v(b) = -b**3 + 15*b**2 + 16*b - 2. Let i = -25 + 41. Let u be v(i). What is the units digit of u*9/(-3) - -3?
9
Suppose -13*z = -7*z - 24. What is the units digit of 140 + -14 - z/(-1)?
0
Suppose -3 = w, 12*x = 10*x - 2*w + 2354. What is the tens digit of x?
8
Suppose 2*a - 4*s - 210 = -12, 5*a - 5*s = 475. What is the units digit of a?
1
Suppose -3*f = -2*q + 4*q - 7, 5*f + 5*q - 5 = 0. Suppose -4*s - 5*r + 108 = -3*r, -f*r + 36 = s. What is the tens digit of s?
2
Let y(c) = -c**3 + c**2 - 39. Let t be y(0). Let f be -20*(1 - t/(-15)). Suppose 16 = 2*s - f. What is the tens digit of s?
2
Let n be 207/(-45) + (-4)/10. Let k be -4*3/(-4)*n. What is the tens digit of (-1095)/k - (4 + 0)?
6
Let w(t) = t**3 + 11*t**2 - 2*t + 7. Let a = 53 - 64. What is the units digit of w(a)?
9
Let b(y) = 198*y + 201. What is the thousands digit of b(11)?
2
Let z = 2228 - 412. What is the hundreds digit of z?
8
Let k(l) be the second derivative of -l**4/6 - 2*l**3/3 + 6*l. Let f be k(-3). Let s(v) = v**2 + 2*v + 5. What is the units digit of s(f)?
9
Suppose 58 = 3*t + 2*t + 2*a, -a = t - 14. Let o be 2/t - (-72)/40. Suppose -v - o*v + 123 = 0. What is the units digit of v?
1
Let y(o) = -o - 2. Let z be y(0). Let w(c) = -28*c - 3. What is the tens digit of w(z)?
5
Suppose 0 = 4*b - 2*j - 10, 3*b + 2*b + 3*j = -15. Suppose b = -4*s + 751 + 333. What is the units digit of s?
1
Let j be (-2 - -6) + (-2)/(-1) + -1. Suppose -228 = j*d - 753. What is the tens digit of d?
0
What is the hundreds digit of ((-22)/(-33))/((-4)/18) + 828?
8
Let b(u) = -3*u + 8. Let h be 28/20*(-5)/1. What is the units digit of b(h)?
9
Suppose -4*u + 286 + 262 = 0. Let l = -32 + u. What is the tens digit of l?
0
What is the units digit of (252/(-210))/(6/(-710))?
2
Suppose 1 = 3*l - 2, 0 = -4*a - l + 33.